{"id":71,"date":"2011-07-31T12:20:49","date_gmt":"2011-07-31T12:20:49","guid":{"rendered":"https:\/\/aikidojo.fr\/ajaccio\/?page_id=71"},"modified":"2023-07-31T21:12:43","modified_gmt":"2023-07-31T21:12:43","slug":"lignee","status":"publish","type":"page","link":"https:\/\/aikidojo.fr\/ajaccio\/lignee","title":{"rendered":"Lign\u00e9e"},"content":{"rendered":"<h3 style=\"text-align: justify;\"><em>SAITO Morihiro Sensei<\/em><\/h3>\n<p style=\"text-align: justify;\">Suite \u00e0 sa d\u00e9faite, le Japon \u00e9tait apr\u00e8s la guerre une nation pauvre et humili\u00e9e, gouvern\u00e9e par l\u2019arm\u00e9e d\u2019occupation. <b>Morihei\u00a0Ueshiba<\/b> r\u00e9sidait, dans le petit village d\u2019<i>Iwama<\/i> o\u00f9 il avait pris \u201cofficiellement\u201c sa retraite en 1942. C&rsquo;est en 1946, \u00e0 l&rsquo;\u00e2ge de 18 ans que le jeune Saito commen\u00e7a l&rsquo;aikido aupr\u00e8s du fondateur. A la mort du fondateur en 1969, il devint le gardien de l&rsquo;Aikijinja (temple de l&rsquo;aikido), et l&rsquo;instructeur du dojo d&rsquo;Iwama dont il en avait re\u00e7u la responsabilit\u00e9. Il avait servi le Fondateur avec d\u00e9vouement pendant 23 ans et la mort de \u00d4 Sensei ainsi que les diff\u00e9rentes orientations de l&rsquo;aikido de Tokyo, n&rsquo;ont fait que renforcer sa r\u00e9solution \u00e0 tout faire pour garder intact l&rsquo;A\u00efkido h\u00e9rit\u00e9 de Ueshiba Morihei.<\/p>\n<figure id=\"attachment_567\" aria-describedby=\"caption-attachment-567\" style=\"width: 223px\" class=\"wp-caption alignright\"><a href=\"https:\/\/aikidojo.fr\/ajaccio\/lignee\/attachment\/olympus-digital-camera-2\" rel=\"attachment wp-att-567\"><img loading=\"lazy\" decoding=\"async\" class=\"wp-image-567 size-medium\" title=\"Iwama Style\" src=\"https:\/\/aikidojo.fr\/ajaccio\/wp-content\/uploads\/2011\/07\/aikidojo21-233x300.jpg\" alt=\"Lettre appos\u00e9e au mur du Dojo du fondateur \u00e0 Iwama par Saito Sensei\" width=\"233\" height=\"300\" srcset=\"https:\/\/aikidojo.fr\/ajaccio\/wp-content\/uploads\/2011\/07\/aikidojo21-233x300.jpg 233w, https:\/\/aikidojo.fr\/ajaccio\/wp-content\/uploads\/2011\/07\/aikidojo21-116x150.jpg 116w, https:\/\/aikidojo.fr\/ajaccio\/wp-content\/uploads\/2011\/07\/aikidojo21.jpg 391w\" sizes=\"(max-width: 233px) 100vw, 233px\" \/><\/a><figcaption id=\"caption-attachment-567\" class=\"wp-caption-text\">Iwama Style &#8211; Saito Sensei<\/figcaption><\/figure>\n<p style=\"text-align: justify;\">Dans les ann\u00e9es soixante-dix, la publication par SAITO Morihiro d&rsquo;une s\u00e9rie de cinq manuels techniques qui font r\u00e9f\u00e9rence \u201c<em>Traditionnal Aikido\u201c<\/em>, contribua \u00e0 lui assurer la r\u00e9putation de meilleur technicien de cet art martial. D\u00e8s 1974, SAITO Sensei dirigea des stages dans le monde. Pour la premi\u00e8re fois, un grand nombre de pratiquants \u00e9trangers put constater directement les connaissances encyclop\u00e9diques de M. Saito en mati\u00e8re de techniques d&rsquo;A\u00efkido. La clart\u00e9 de son programme d&rsquo;enseignement, qui inclut des m\u00e9thodes telles que l&rsquo;ex\u00e9cution d\u00e9compos\u00e9e de nombreux mouvements et techniques, lui valut les \u00e9loges.<\/p>\n<p style=\"text-align: justify;\"><a href=\"https:\/\/aikidojo.fr\/ajaccio\/wp-content\/uploads\/2011\/07\/Morihei-Ueshiba-and-Morihiro-Saito.jpg\"><img loading=\"lazy\" decoding=\"async\" class=\"alignleft wp-image-1504 size-medium\" src=\"https:\/\/aikidojo.fr\/ajaccio\/wp-content\/uploads\/2011\/07\/Morihei-Ueshiba-and-Morihiro-Saito-300x256.jpg\" alt=\"Morihei-Ueshiba-and-Morihiro-Saito\" width=\"300\" height=\"256\" srcset=\"https:\/\/aikidojo.fr\/ajaccio\/wp-content\/uploads\/2011\/07\/Morihei-Ueshiba-and-Morihiro-Saito-300x256.jpg 300w, https:\/\/aikidojo.fr\/ajaccio\/wp-content\/uploads\/2011\/07\/Morihei-Ueshiba-and-Morihiro-Saito-150x128.jpg 150w, https:\/\/aikidojo.fr\/ajaccio\/wp-content\/uploads\/2011\/07\/Morihei-Ueshiba-and-Morihiro-Saito.jpg 400w\" sizes=\"(max-width: 300px) 100vw, 300px\" \/><\/a><\/p>\n<p style=\"text-align: justify;\">Couramment appel\u00e9e\u00a0<strong>\u201cA\u00efkido d&rsquo;Iwama\u201c <\/strong>ou<strong> \u201cIwama Ryu\u201c <\/strong>, cette forme d&rsquo;A\u00efkido est devenue synonyme d&rsquo;un entra\u00eenement o\u00f9 l&rsquo;on met <strong>autant<\/strong> l&rsquo;accent sur les techniques d&rsquo;armes que sur les techniques \u00e0 mains nues, \u00a0contrairement \u00e0 beaucoup d&rsquo;\u00e9coles <em>(n&rsquo;ayant pas re\u00e7u les enseignements des armes par le fondateur)\u00a0<\/em>o\u00f9 \u00a0les techniques \u00e0 mains nues sont privil\u00e9gi\u00e9es.<\/p>\n<p style=\"text-align: justify;\">Jusqu&rsquo;\u00e0 son d\u00e9c\u00e8s le 13 mai 2002, \u00e0 l&rsquo;\u00e2ge de 74 ans, Saito Sensei pr\u00e9serva intact, avec un d\u00e9vouement et une fid\u00e9lit\u00e9 exemplaires, les enseignements du fondateur et a transmis l&rsquo;Esprit et les techniques \u00e0 de nombreux Sensei <em>(Daniel Toutain, <a href=\"https:\/\/www.aikido-sanleandro.com\">Pat Hendricks<\/a>, Alessandro Titarelli, <a href=\"https:\/\/www.taai.it\">Paolo Coralini<\/a>, <a href=\"https:\/\/www.aikishurendojo.org\/en\/apasd.php\/\">Tristao da Cunha<\/a>, <a href=\"http:\/\/ulfevenas.com\/about-shihan-ulf-evenas\/\">Ulf Evenas<\/a> . . . et tant d&rsquo;autres)<\/em> dans le monde sous le nom \u201cIwama Ryu\u201c.<\/p>\n<h3 style=\"text-align: justify;\"><em>Daniel Toutain Sensei<\/em><\/h3>\n<p style=\"text-align: justify;\"><strong><a href=\"http:\/\/www.wanomichi.net\/fr\/wanomichi\" target=\"_blank\" rel=\"noopener noreferrer\">Daniel TOUTAIN<\/a><\/strong> a aujourd\u2019hui plus de 50 ans de pratique, et a suivi pendant 30 ans l\u2019enseignement de trois grands Ma\u00eetres japonais, tous disciples du Fondateur de l\u2019Aikido : NORO Masamichi Sensei <em>(de 1968 \u00e0 1978)<\/em> , TAMURA Nobuyoshi Sensei <em>(de 1978 \u00e0 1988)<\/em> et SAITO Morihiro Sensei <em>(de 1992 \u00e0 2002).<\/em><\/p>\n<h5 style=\"text-align: justify;\">Rencontre avec Ma\u00eetre Morihiro SAITO<\/h5>\n<p style=\"text-align: justify;\">De 1992 \u00e0 2002, \u00e9l\u00e8ve de<strong>\u00a0SAITO Morihiro sensei<\/strong> 9\u00e8me\u00a0Dan, en effectuant des s\u00e9jours de plusieurs semaines deux fois par an en tant qu\u2019Uchideshi\u00a0<em>(\u00e9l\u00e8ves interne)<\/em> dans le Dojo du Fondateur \u00e0 Iwama. Parall\u00e8lement il suivait la quasi totalit\u00e9 des stages que dirigeait son Ma\u00eetre en Europe.<\/p>\n<figure id=\"attachment_2207\" aria-describedby=\"caption-attachment-2207\" style=\"width: 290px\" class=\"wp-caption alignleft\"><img loading=\"lazy\" decoding=\"async\" class=\"wp-image-2207 size-medium\" src=\"https:\/\/aikidojo.fr\/ajaccio\/wp-content\/uploads\/2013\/10\/Saito-Sensei-Daniel-Toutain-300x202.jpg\" alt=\"\" width=\"300\" height=\"202\" srcset=\"https:\/\/aikidojo.fr\/ajaccio\/wp-content\/uploads\/2013\/10\/Saito-Sensei-Daniel-Toutain-300x202.jpg 300w, https:\/\/aikidojo.fr\/ajaccio\/wp-content\/uploads\/2013\/10\/Saito-Sensei-Daniel-Toutain-580x390.jpg 580w, https:\/\/aikidojo.fr\/ajaccio\/wp-content\/uploads\/2013\/10\/Saito-Sensei-Daniel-Toutain-150x101.jpg 150w, https:\/\/aikidojo.fr\/ajaccio\/wp-content\/uploads\/2013\/10\/Saito-Sensei-Daniel-Toutain-400x269.jpg 400w, https:\/\/aikidojo.fr\/ajaccio\/wp-content\/uploads\/2013\/10\/Saito-Sensei-Daniel-Toutain.jpg 640w\" sizes=\"(max-width: 300px) 100vw, 300px\" \/><figcaption id=\"caption-attachment-2207\" class=\"wp-caption-text\">Saito Morihiro Sensei et Daniel Toutain \u00e0 Iwama<\/figcaption><\/figure>\n<p style=\"text-align: justify;\">Daniel TOUTAIN \u00e9tait 4\u00e8me Dan lorsqu\u2019il est arriv\u00e9 pour la premi\u00e8re fois \u00e0 Iwama au Japon. SAITO sensei lui a d\u00e9cern\u00e9 le 5\u00e8me Dan en 1995. Il lui a \u00e9galement remis le Certificat 5\u00e8me dan niveau des armes de l\u2019Aikido, niveau le plus \u00e9lev\u00e9 que d\u00e9livrait SAITO sensei. \u00a0<strong>Daniel Toutain a re\u00e7u directement de Morihiro SAITO sensei le grade de 6\u00e8me Dan en mars 2002. Il est \u00e9galement titulaire du grade de 6\u00e8me Dan Aikikai de Tokyo <\/strong>d\u00e9livr\u00e9 par l&rsquo;actuel\u00a0<strong>Doshu<\/strong>\u00a0<strong>Moriteru UESHIBA<\/strong>, petit fils du Fondateur de l&rsquo;Aikido.<img loading=\"lazy\" decoding=\"async\" class=\"alignright wp-image-2199 size-medium\" src=\"https:\/\/aikidojo.fr\/ajaccio\/wp-content\/uploads\/2011\/07\/DT-ki_19_stef-bravin-293x300.jpg\" alt=\"\" width=\"293\" height=\"300\" srcset=\"https:\/\/aikidojo.fr\/ajaccio\/wp-content\/uploads\/2011\/07\/DT-ki_19_stef-bravin-293x300.jpg 293w, https:\/\/aikidojo.fr\/ajaccio\/wp-content\/uploads\/2011\/07\/DT-ki_19_stef-bravin-146x150.jpg 146w, https:\/\/aikidojo.fr\/ajaccio\/wp-content\/uploads\/2011\/07\/DT-ki_19_stef-bravin-400x410.jpg 400w, https:\/\/aikidojo.fr\/ajaccio\/wp-content\/uploads\/2011\/07\/DT-ki_19_stef-bravin.jpg 520w\" sizes=\"(max-width: 293px) 100vw, 293px\" \/><\/p>\n<p style=\"text-align: justify;\">Daniel TOUTAIN a invit\u00e9 plusieurs fois son Ma\u00eetre en France lors de grands stages internationaux, ainsi que dans son Dojo priv\u00e9 situ\u00e9 \u00e0 Rennes \u00e0 cette \u00e9poque.\u00a0<strong>Le but est de donner aux pratiquants des fondements solides bas\u00e9s sur l\u2019h\u00e9ritage technique authentique du Fondateur<\/strong> de l\u2019Aikido transmis par SAITO sensei afin que chacun puisse ensuite s\u2019exprimer dans un Aikido libre et personnel. C\u2019\u00e9tait le souhait de SAITO sensei qui consid\u00e9rait qu\u2019il \u00e9tait primordial de toujours se r\u00e9f\u00e9rer \u00e0 l\u2019enseignement de O Sensei Morihei UESHIBA. Une fa\u00e7on incontournable de s\u2019appuyer sur des bases rigoureuses afin d\u2019\u00e9voluer vers les plus hauts niveaux et de ne pas perdre le sens profond de l\u2019Aikido.<\/p>\n<p><i>\u201c Poussez la porte du dojo, pratiquez, transpirez, c\u2019est seulement apr\u00e8s que vient le sens des choses \u201c<\/i>\u00a0 &#8211; \u00a0Stef Bravin<\/p>\n","protected":false},"excerpt":{"rendered":"<p>SAITO Morihiro Sensei Suite \u00e0 sa d\u00e9faite, le Japon \u00e9tait apr\u00e8s la guerre une nation pauvre et humili\u00e9e, gouvern\u00e9e par l\u2019arm\u00e9e d\u2019occupation. Morihei\u00a0Ueshiba r\u00e9sidait, dans le petit village d\u2019Iwama o\u00f9 il avait pris \u201cofficiellement\u201c sa retraite en 1942. C&rsquo;est en 1946, \u00e0 l&rsquo;\u00e2ge de 18 ans que le jeune Saito commen\u00e7a l&rsquo;aikido aupr\u00e8s du fondateur. &#8230; <a title=\"Lign\u00e9e\" class=\"read-more\" href=\"https:\/\/aikidojo.fr\/ajaccio\/lignee\" aria-label=\"En savoir plus sur Lign\u00e9e\">Lire plus<\/a><\/p>\n","protected":false},"author":2,"featured_media":1504,"parent":0,"menu_order":20,"comment_status":"closed","ping_status":"closed","template":"","meta":{"footnotes":""},"class_list":{"0":"post-71","1":"page","2":"type-page","3":"status-publish","4":"has-post-thumbnail","6":"infinite-scroll-item"},"yoast_head":"<!-- This site is optimized with the Yoast SEO plugin v23.4 - https:\/\/yoast.com\/wordpress\/plugins\/seo\/ -->\n<title>Lign\u00e9e - Cours d&#039;Aikido Fondamental \u00e0 Ajaccio<\/title>\n<meta name=\"robots\" content=\"index, follow, max-snippet:-1, max-image-preview:large, max-video-preview:-1\" \/>\n<link rel=\"canonical\" href=\"https:\/\/aikidojo.fr\/ajaccio\/lignee\" \/>\n<meta property=\"og:locale\" content=\"fr_FR\" \/>\n<meta property=\"og:type\" content=\"article\" \/>\n<meta property=\"og:title\" content=\"Lign\u00e9e - Cours d&#039;Aikido Fondamental \u00e0 Ajaccio\" \/>\n<meta property=\"og:description\" content=\"SAITO Morihiro Sensei Suite \u00e0 sa d\u00e9faite, le Japon \u00e9tait apr\u00e8s la guerre une nation pauvre et humili\u00e9e, gouvern\u00e9e par l\u2019arm\u00e9e d\u2019occupation. Morihei\u00a0Ueshiba r\u00e9sidait, dans le petit village d\u2019Iwama o\u00f9 il avait pris \u201cofficiellement\u201c sa retraite en 1942. C&rsquo;est en 1946, \u00e0 l&rsquo;\u00e2ge de 18 ans que le jeune Saito commen\u00e7a l&rsquo;aikido aupr\u00e8s du fondateur. ... Lire plus\" \/>\n<meta property=\"og:url\" content=\"https:\/\/aikidojo.fr\/ajaccio\/lignee\" \/>\n<meta property=\"og:site_name\" content=\"Cours d&#039;Aikido Fondamental \u00e0 Ajaccio\" \/>\n<meta property=\"article:publisher\" content=\"https:\/\/www.facebook.com\/aikidojoajaccio\" \/>\n<meta property=\"article:modified_time\" content=\"2023-07-31T21:12:43+00:00\" \/>\n<meta property=\"og:image\" content=\"https:\/\/aikidojo.fr\/ajaccio\/wp-content\/uploads\/2011\/07\/Morihei-Ueshiba-and-Morihiro-Saito.jpg\" \/>\n\t<meta property=\"og:image:width\" content=\"400\" \/>\n\t<meta property=\"og:image:height\" content=\"342\" \/>\n\t<meta property=\"og:image:type\" content=\"image\/jpeg\" \/>\n<meta name=\"twitter:card\" content=\"summary_large_image\" \/>\n<meta name=\"twitter:label1\" content=\"Dur\u00e9e de lecture estim\u00e9e\" \/>\n\t<meta name=\"twitter:data1\" content=\"5 minutes\" \/>\n<script type=\"application\/ld+json\" class=\"yoast-schema-graph\">{\"@context\":\"https:\/\/schema.org\",\"@graph\":[{\"@type\":\"WebPage\",\"@id\":\"https:\/\/aikidojo.fr\/ajaccio\/lignee\",\"url\":\"https:\/\/aikidojo.fr\/ajaccio\/lignee\",\"name\":\"Lign\u00e9e - Cours d&#039;Aikido Fondamental \u00e0 Ajaccio\",\"isPartOf\":{\"@id\":\"https:\/\/aikidojo.fr\/ajaccio\/#website\"},\"primaryImageOfPage\":{\"@id\":\"https:\/\/aikidojo.fr\/ajaccio\/lignee#primaryimage\"},\"image\":{\"@id\":\"https:\/\/aikidojo.fr\/ajaccio\/lignee#primaryimage\"},\"thumbnailUrl\":\"https:\/\/aikidojo.fr\/ajaccio\/wp-content\/uploads\/2011\/07\/Morihei-Ueshiba-and-Morihiro-Saito.jpg\",\"datePublished\":\"2011-07-31T12:20:49+00:00\",\"dateModified\":\"2023-07-31T21:12:43+00:00\",\"breadcrumb\":{\"@id\":\"https:\/\/aikidojo.fr\/ajaccio\/lignee#breadcrumb\"},\"inLanguage\":\"fr-FR\",\"potentialAction\":[{\"@type\":\"ReadAction\",\"target\":[\"https:\/\/aikidojo.fr\/ajaccio\/lignee\"]}]},{\"@type\":\"ImageObject\",\"inLanguage\":\"fr-FR\",\"@id\":\"https:\/\/aikidojo.fr\/ajaccio\/lignee#primaryimage\",\"url\":\"https:\/\/aikidojo.fr\/ajaccio\/wp-content\/uploads\/2011\/07\/Morihei-Ueshiba-and-Morihiro-Saito.jpg\",\"contentUrl\":\"https:\/\/aikidojo.fr\/ajaccio\/wp-content\/uploads\/2011\/07\/Morihei-Ueshiba-and-Morihiro-Saito.jpg\",\"width\":400,\"height\":342},{\"@type\":\"BreadcrumbList\",\"@id\":\"https:\/\/aikidojo.fr\/ajaccio\/lignee#breadcrumb\",\"itemListElement\":[{\"@type\":\"ListItem\",\"position\":1,\"name\":\"Home\",\"item\":\"https:\/\/aikidojo.fr\/ajaccio\/\"},{\"@type\":\"ListItem\",\"position\":2,\"name\":\"Lign\u00e9e\"}]},{\"@type\":\"WebSite\",\"@id\":\"https:\/\/aikidojo.fr\/ajaccio\/#website\",\"url\":\"https:\/\/aikidojo.fr\/ajaccio\/\",\"name\":\"Aikido Fondamental \u00e0 Ajaccio\",\"description\":\"FAA Corse\",\"publisher\":{\"@id\":\"https:\/\/aikidojo.fr\/ajaccio\/#organization\"},\"potentialAction\":[{\"@type\":\"SearchAction\",\"target\":{\"@type\":\"EntryPoint\",\"urlTemplate\":\"https:\/\/aikidojo.fr\/ajaccio\/?s={search_term_string}\"},\"query-input\":{\"@type\":\"PropertyValueSpecification\",\"valueRequired\":true,\"valueName\":\"search_term_string\"}}],\"inLanguage\":\"fr-FR\"},{\"@type\":\"Organization\",\"@id\":\"https:\/\/aikidojo.fr\/ajaccio\/#organization\",\"name\":\"AIki Dojo Ajaccio\",\"url\":\"https:\/\/aikidojo.fr\/ajaccio\/\",\"logo\":{\"@type\":\"ImageObject\",\"inLanguage\":\"fr-FR\",\"@id\":\"https:\/\/aikidojo.fr\/ajaccio\/#\/schema\/logo\/image\/\",\"url\":\"https:\/\/aikidojo.fr\/ajaccio\/wp-content\/uploads\/2011\/07\/kamon_aikidojo_ajaccio.jpg\",\"contentUrl\":\"https:\/\/aikidojo.fr\/ajaccio\/wp-content\/uploads\/2011\/07\/kamon_aikidojo_ajaccio.jpg\",\"width\":150,\"height\":150,\"caption\":\"AIki Dojo Ajaccio\"},\"image\":{\"@id\":\"https:\/\/aikidojo.fr\/ajaccio\/#\/schema\/logo\/image\/\"},\"sameAs\":[\"https:\/\/www.facebook.com\/aikidojoajaccio\"]}]}<\/script>\n<!-- \/ Yoast SEO plugin. -->","yoast_head_json":{"title":"Lign\u00e9e - Cours d&#039;Aikido Fondamental \u00e0 Ajaccio","robots":{"index":"index","follow":"follow","max-snippet":"max-snippet:-1","max-image-preview":"max-image-preview:large","max-video-preview":"max-video-preview:-1"},"canonical":"https:\/\/aikidojo.fr\/ajaccio\/lignee","og_locale":"fr_FR","og_type":"article","og_title":"Lign\u00e9e - Cours d&#039;Aikido Fondamental \u00e0 Ajaccio","og_description":"SAITO Morihiro Sensei Suite \u00e0 sa d\u00e9faite, le Japon \u00e9tait apr\u00e8s la guerre une nation pauvre et humili\u00e9e, gouvern\u00e9e par l\u2019arm\u00e9e d\u2019occupation. Morihei\u00a0Ueshiba r\u00e9sidait, dans le petit village d\u2019Iwama o\u00f9 il avait pris \u201cofficiellement\u201c sa retraite en 1942. C&rsquo;est en 1946, \u00e0 l&rsquo;\u00e2ge de 18 ans que le jeune Saito commen\u00e7a l&rsquo;aikido aupr\u00e8s du fondateur. ... Lire plus","og_url":"https:\/\/aikidojo.fr\/ajaccio\/lignee","og_site_name":"Cours d&#039;Aikido Fondamental \u00e0 Ajaccio","article_publisher":"https:\/\/www.facebook.com\/aikidojoajaccio","article_modified_time":"2023-07-31T21:12:43+00:00","og_image":[{"width":400,"height":342,"url":"https:\/\/aikidojo.fr\/ajaccio\/wp-content\/uploads\/2011\/07\/Morihei-Ueshiba-and-Morihiro-Saito.jpg","type":"image\/jpeg"}],"twitter_card":"summary_large_image","twitter_misc":{"Dur\u00e9e de lecture estim\u00e9e":"5 minutes"},"schema":{"@context":"https:\/\/schema.org","@graph":[{"@type":"WebPage","@id":"https:\/\/aikidojo.fr\/ajaccio\/lignee","url":"https:\/\/aikidojo.fr\/ajaccio\/lignee","name":"Lign\u00e9e - Cours d&#039;Aikido Fondamental \u00e0 Ajaccio","isPartOf":{"@id":"https:\/\/aikidojo.fr\/ajaccio\/#website"},"primaryImageOfPage":{"@id":"https:\/\/aikidojo.fr\/ajaccio\/lignee#primaryimage"},"image":{"@id":"https:\/\/aikidojo.fr\/ajaccio\/lignee#primaryimage"},"thumbnailUrl":"https:\/\/aikidojo.fr\/ajaccio\/wp-content\/uploads\/2011\/07\/Morihei-Ueshiba-and-Morihiro-Saito.jpg","datePublished":"2011-07-31T12:20:49+00:00","dateModified":"2023-07-31T21:12:43+00:00","breadcrumb":{"@id":"https:\/\/aikidojo.fr\/ajaccio\/lignee#breadcrumb"},"inLanguage":"fr-FR","potentialAction":[{"@type":"ReadAction","target":["https:\/\/aikidojo.fr\/ajaccio\/lignee"]}]},{"@type":"ImageObject","inLanguage":"fr-FR","@id":"https:\/\/aikidojo.fr\/ajaccio\/lignee#primaryimage","url":"https:\/\/aikidojo.fr\/ajaccio\/wp-content\/uploads\/2011\/07\/Morihei-Ueshiba-and-Morihiro-Saito.jpg","contentUrl":"https:\/\/aikidojo.fr\/ajaccio\/wp-content\/uploads\/2011\/07\/Morihei-Ueshiba-and-Morihiro-Saito.jpg","width":400,"height":342},{"@type":"BreadcrumbList","@id":"https:\/\/aikidojo.fr\/ajaccio\/lignee#breadcrumb","itemListElement":[{"@type":"ListItem","position":1,"name":"Home","item":"https:\/\/aikidojo.fr\/ajaccio\/"},{"@type":"ListItem","position":2,"name":"Lign\u00e9e"}]},{"@type":"WebSite","@id":"https:\/\/aikidojo.fr\/ajaccio\/#website","url":"https:\/\/aikidojo.fr\/ajaccio\/","name":"Aikido Fondamental \u00e0 Ajaccio","description":"FAA Corse","publisher":{"@id":"https:\/\/aikidojo.fr\/ajaccio\/#organization"},"potentialAction":[{"@type":"SearchAction","target":{"@type":"EntryPoint","urlTemplate":"https:\/\/aikidojo.fr\/ajaccio\/?s={search_term_string}"},"query-input":{"@type":"PropertyValueSpecification","valueRequired":true,"valueName":"search_term_string"}}],"inLanguage":"fr-FR"},{"@type":"Organization","@id":"https:\/\/aikidojo.fr\/ajaccio\/#organization","name":"AIki Dojo Ajaccio","url":"https:\/\/aikidojo.fr\/ajaccio\/","logo":{"@type":"ImageObject","inLanguage":"fr-FR","@id":"https:\/\/aikidojo.fr\/ajaccio\/#\/schema\/logo\/image\/","url":"https:\/\/aikidojo.fr\/ajaccio\/wp-content\/uploads\/2011\/07\/kamon_aikidojo_ajaccio.jpg","contentUrl":"https:\/\/aikidojo.fr\/ajaccio\/wp-content\/uploads\/2011\/07\/kamon_aikidojo_ajaccio.jpg","width":150,"height":150,"caption":"AIki Dojo Ajaccio"},"image":{"@id":"https:\/\/aikidojo.fr\/ajaccio\/#\/schema\/logo\/image\/"},"sameAs":["https:\/\/www.facebook.com\/aikidojoajaccio"]}]}},"_links":{"self":[{"href":"https:\/\/aikidojo.fr\/ajaccio\/wp-json\/wp\/v2\/pages\/71"}],"collection":[{"href":"https:\/\/aikidojo.fr\/ajaccio\/wp-json\/wp\/v2\/pages"}],"about":[{"href":"https:\/\/aikidojo.fr\/ajaccio\/wp-json\/wp\/v2\/types\/page"}],"author":[{"embeddable":true,"href":"https:\/\/aikidojo.fr\/ajaccio\/wp-json\/wp\/v2\/users\/2"}],"replies":[{"embeddable":true,"href":"https:\/\/aikidojo.fr\/ajaccio\/wp-json\/wp\/v2\/comments?post=71"}],"version-history":[{"count":5,"href":"https:\/\/aikidojo.fr\/ajaccio\/wp-json\/wp\/v2\/pages\/71\/revisions"}],"predecessor-version":[{"id":3063,"href":"https:\/\/aikidojo.fr\/ajaccio\/wp-json\/wp\/v2\/pages\/71\/revisions\/3063"}],"wp:featuredmedia":[{"embeddable":true,"href":"https:\/\/aikidojo.fr\/ajaccio\/wp-json\/wp\/v2\/media\/1504"}],"wp:attachment":[{"href":"https:\/\/aikidojo.fr\/ajaccio\/wp-json\/wp\/v2\/media?parent=71"}],"curies":[{"name":"wp","href":"https:\/\/api.w.org\/{rel}","templated":true}]}}